 3*x. Let i(n) = l(n) + 3*z(n). Give i(-4).
2
Let f(y) be the second derivative of y**3/2 - 11*y**2/2 + 274*y + 1. Determine f(9).
16
Let b(o) = o**2 - 3*o + 1. Let m be b(2). Let i = m - -12. Let w(k) = 3 - k**2 + 7*k - 1 - i + 4. Determine w(4).
7
Let z be (-4)/10 + 6/(-10). Let i be ((-6)/2)/(15/(-10)). Let u be (z - i)*1/(-3). Let a(q) = 8*q**3 + q**2 - q. Calculate a(u).
8
Let a(x) = 75108*x**3 - 8*x + x**2 - 75109*x**3 + 5 + 5*x**2. Give a(5).
-10
Let i(j) = j + 2. Let r be i(5). Let u = 68 - 59. Let p(z) = -7*z**2 + z**3 - 16 + u - 2 + 2*z. What is p(r)?
5
Suppose -34 = 11*v - 34. Let x(y) = -2*y + 17. What is x(v)?
17
Let b(g) = -2*g**2 + 5*g - 4. Let d(v) = v**3 - 7*v**2 + 3*v + 1. Suppose 0 = -4*p + 36 - 8. Let m be d(p). Let j = m - 19. Calculate b(j).
-7
Let b be (-2)/4 - (-2)/(-4). Let h(c) = -2 - 1 + 2. Let d(n) = -6*n - 6. Let l(z) = b*d(z) + 5*h(z). Calculate l(-1).
-5
Let f = -14 + 15. Let d(m) = -4 + 1 + f - 2 + 3*m. Calculate d(4).
8
Let k(w) = w**2 + 6*w - 187. Let q be k(11). Let p(r) = r**2 + 2*r - 6. Calculate p(q).
-6
Let u(l) = l**2 - 8*l + 9. Let o be 63 + (-3 + 2)*0. Let q be (-15)/(-20) + o/(-4). Let c = q - -21. Give u(c).
-3
Let i(m) = 2 + 1 - 7*m + 6. Let y(o) = 20*o - 26. Let f(l) = 11*i(l) + 4*y(l). Calculate f(5).
10
Let u(k) = k - 21. Let r(p) = p - 10. Let a(z) = 9*r(z) - 4*u(z). Let l(w) = 4*w - 5. Let q(o) = 6*a(o) - 7*l(o). Determine q(-5).
-11
Suppose -5*f + 2*o = -43, -o - o + 29 = 3*f. Suppose 5*g + f = -1. Let c(i) = 5*i + 1. Calculate c(g).
-9
Let m = 3 - 5. Let b be 2/(-4)*(16 + m). Let r(a) be the first derivative of a**4/4 + 8*a**3/3 + 3*a**2 + 24. Determine r(b).
7
Suppose 7*j + 4 = 32. Let m(p) = p**3 - 3*p**2 - 4*p - 3. What is m(j)?
-3
Let b(g) = 4*g + 1. Suppose 3*v = 2*o + 16, 5*o + 12 = -3*v - 7. Suppose v + 0 = -2*q. What is b(q)?
-3
Let j(x) = 162 - 357 + 191 + x**2 + 9*x. What is j(-5)?
-24
Let m(l) = 2*l + 46. Suppose -103*p + 99*p - 77 = 3*x, 2*p + 73 = -3*x. What is m(x)?
0
Let b be 1*3*-1 + 6 + -19. Let k = 10 + b. Let x(f) be the second derivative of f**5/20 + 5*f**4/12 - f**3 - 4*f**2 - 2*f. Give x(k).
-8
Let k(b) = -3*b. Suppose d + 2*d - 20 = -2*l, -2*d + 5*l = -7. Let x(h) = h**2 - 5*h - 4. Let g be x(d). Determine k(g).
-6
Let a(o) be the first derivative of -2*o - 2*o**2 + 1/3*o**3 + 47. Give a(3).
-5
Suppose 0 = -3*y - k + 233, 5*y + 3*k - 47 - 336 = 0. Let q(i) = 85*i - 3 + 5*i**2 - 4*i**2 - y*i. What is q(-6)?
-3
Let b(i) = 4*i - 4. Suppose -2*z + 10 = 0, -14 = 6*h - 8*h - 4*z. Give b(h).
-16
Suppose 2*l = -2*l - 24. Let j be l*(3 - (-24)/(-9)). Let w(o) be the first derivative of o**2/2 + 2*o - 4. Determine w(j).
0
Let i be -2 + 1 + 1 - 2. Let g = -21 - -20. Let f(y) = 5*y**3 + 4*y**2 - 2*y + 5. Let x(t) = -t**3 + t - 1. Let n(d) = g*f(d) - 4*x(d). Determine n(i).
-5
Let c(z) = 3*z + 2. Suppose 0 = 5*w - x + 23, -5*w + 9*w + 19 = x. What is c(w)?
-10
Let i(m) be the second derivative of m**4/12 - 27*m**2 + m + 20. Let k(v) be the first derivative of i(v). Let u be 4/10 + (-24)/10. Calculate k(u).
-4
Let s(k) = 4*k**3 - 21*k**2 - 9*k - 6. Let v(g) = 5*g**3 - 24*g**2 - 8*g - 6. Let a(d) = -4*s(d) + 3*v(d). Determine a(13).
-7
Let f(y) = 13*y**2 - 42*y**2 + 27*y**2 - 6 + 2. Determine f(-3).
-22
Suppose 2*d - o + 4 = -2*o, -40 = 5*d - 5*o. Let y(g) = 3*g + 0 - 2 + 4 + g**2. What is y(d)?
6
Let h(i) = 4*i**3 + 6*i**2 - i - 4. Let g(l) = 7*l**3 + 11*l**2 - 2*l - 7. Suppose 0 = -5*x - 20 - 5. Let s(r) = x*h(r) + 3*g(r). Determine s(-3).
2
Suppose 0 = 2*l + 5*r - 0*r - 2, -5*r + 4 = 4*l. Let i(q) = -8*q + 2. Give i(l).
-6
Suppose -20*n - 8*n + 28 = 0. Let p(c) = 7*c - 1. Determine p(n).
6
Let b(a) = 5*a - 31. Let d(r) = -7*r + 37. Let j(p) = 5*b(p) + 4*d(p). What is j(-3)?
2
Let r be (-7)/7*(7 - 1). Let s(g) = -g**2 - 7*g - 8. Calculate s(r).
-2
Let x = 1 + 1. Let a be ((-5)/x - -3)*2. Let u(v) = -10*v**3 - v**2 + v - 1. What is u(a)?
-11
Let f(q) = 8*q - 4. Let k(p) be the second derivative of -p**3/6 - 2*p. Let n(h) = f(h) + 5*k(h). Let y be 2 + (1 - 0)/1. Give n(y).
5
Let a(c) = -7*c**3 + 5*c - 4. Let n be a(1). Let t(r) = -r - 1. Let s(z) = -5*z - 4. Let y = -13 + 19. Let d(b) = y*t(b) - s(b). What is d(n)?
4
Let d(i) = 71*i - 134*i - 5*i**2 + 6*i**2 + 23 + 81*i. What is d(-17)?
6
Let i(o) = -o**2 - 11*o - 6. Let m be 0 + -2 - (-10)/(-5). Let p(q) = -q**2 - 12*q - 7. Let n(c) = m*i(c) + 3*p(c). Calculate n(-6).
-9
Suppose -29 = -11*w + 15. Let n be 15/((-990)/(-384)) + w/22. Let p(g) = -g**3 + 6*g**2 - g - 8. What is p(n)?
-14
Let t(r) = r + 7. Let u be (-20)/(-6)*39/26. Let l(v) = -v - 8. Let a(x) = u*t(x) + 4*l(x). Give a(5).
8
Let n(q) be the second derivative of -q**4/12 - q**3/6 - 2*q**2 - 13*q - 4. Determine n(-3).
-10
Let a(c) be the first derivative of -2*c**3/3 + c**2 + 7. Suppose x = -2 + 4. What is a(x)?
-4
Let d(b) = -3*b + 4. Let i(t) = t + 2. Let m(h) = -3. Let a(r) = i(r) + m(r). Let g(k) = 5*a(k) + d(k). Give g(4).
7
Suppose -5*j + 34 = -3*i - 9*j, -3*i - 3*j - 36 = 0. Let q(l) = l**2 + 12*l - 27. Calculate q(i).
1
Let y(f) be the first derivative of f**7/840 + f**6/72 - f**5/60 - f**4/8 + 2*f**3 + 7. Let u(v) be the third derivative of y(v). Determine u(-5).
7
Let p(k) be the second derivative of k**5/60 + k**4/2 + 17*k**3/6 - k. Let i(b) be the second derivative of p(b). What is i(-8)?
-4
Let o be (16/(-6))/(1/(-3)). Let m be 3 + 3 + 16/(-4). Let i = o - m. Let s(c) = -c + 1. Give s(i).
-5
Let y(c) = -15*c - 7. Let a be y(-3). Suppose -34*f + a*f + 16 = 0. Let i(m) be the second derivative of -m**4/12 - 2*m**3/3 - 5*m**2/2 + m. Determine i(f).
-5
Let d(j) = -j - 4. Let n be d(-6). Let t(o) = n*o + 17 - o - 3. Let w be t(-11). Let b(k) = -2*k. What is b(w)?
-6
Let j(m) = m - 4. Let x(a) = -a**3 - 2*a**2 + 3*a + 4. Let i be x(-3). Let v = 8 - -6. Let k be (8 - v)*(-2)/i. Give j(k).
-1
Let g(r) = r**3 + 5*r**2 - 11*r - 6. Suppose 2*a = -8, -5*m - 15 = 3*a - 8*a. What is g(m)?
-27
Let i(f) = 2*f**2 + 2*f + 2. Let q(s) = s**2 + 11*s + 8. Let r be q(-10). Determine i(r).
6
Let f(d) be the first derivative of -d**3/3 - d**2 + 21*d - 5. Let v be f(-6). Let a(p) = -4*p - 1. Determine a(v).
11
Let i(z) = z**3 - 10*z**2 + 9*z - 3. Let p(h) = h**3 - 3*h**2 - 7*h + 14. Let v be p(4). Suppose 5*x - 51 + 18 = 3*a, 0 = -3*x - v*a + 35. What is i(x)?
-3
Let d = -37 - -38. Let w(h) = -13*h + 34*h + 0 - 18*h - d. Give w(-5).
-16
Let a(u) = u - 5. Let v be a(4). Let o(s) = -5*s + 7. Let g(l) = 4*l - 8. Suppose 5*z + 8 = 3*y + 53, z + 19 = -5*y. Let j(k) = z*g(k) + 7*o(k). What is j(v)?
12
Let a(x) = -x**2 + 16*x + 4. Let y = 28 + -12. Let g be a(y). Let u(k) = k**2 + 8*k + 0*k**2 + 3 + g. Determine u(-7).
0
Suppose 17*l - 20*l = 0. Let k(w) = -w - 25. What is k(l)?
-25
Let u(m) = -2*m**3 + 3*m**2 + 6*m + 6. Suppose -35*r + 50 = -60*r. What is u(r)?
22
Let q = 3/55 + -17/1320. Let z(c) be the third derivative of -1/6*c**3 + 2*c**2 - q*c**4 + 0 + 0*c. Determine z(4).
-5
Let p(o) = 12*o**2 + 102 + o**3 - 55 - 48. Calculate p(-12).
-1
Let g(z) = 7*z**2 - 21*z - 1. Let w(f) = -13*f**2 + 40*f + 3. Let l(x) = -11*g(x) - 6*w(x). Determine l(8).
-15
Let v(s) be the second derivative of -s**3 - s**2 + 7*s. Let r(o) = -o - 1. Let a(d) = r(d) - v(d). Determine a(-1).
-4
Let k be (8 - 3) + 3 + 1. Suppose -4*n = -5*l - 47, -3*n - k = l - 4*n. Let c = -11 - l. Let s(g) = g**2 + g - 1. Determine s(c).
-1
Let f(d) be the second derivative of d**2 + 1/6*d**3 + 15*d + 0. Suppose 5*p + 3*k + 13 = 0, 3*k - 10 = 2*p + 12. Give f(p).
-3
Let d(j) be the second derivative of j**6/720 - 7*j**5/120 + 5*j**4/3 + 6*j. Let q(r) be the third derivative of d(r). Give q(0).
-7
Let m(v) = 41*v + 282. Let t be m(-7). Let h(n) = n**3 + 6*n**2 + 3*n - 8. Determine h(t).
2
Suppose -2*z = -3*u, -u - 5*z + 11 = -2*z. Let i(d) = 2*d**2 - 5*d**2 + d**u. Let s be (-3 + 2)/(-4 - -5). Determine i(s).
-2
Suppose 0 = -31*f - 9 + 164. Let x(q) = -3*q**2 + 0*q - 2*q**2 + 3 - 5*q + q**2 + q**3. What is x(f)?
3
Suppose 0*s - 3*s - 21 = 0. Let w(j) = 93*j + 472. Let u(d) = 33*d + 166. Let k(b) = 17*u(b) - 6*w(b). Give k(s).
-31
Let n(t) = -2*t - 14 + 48 - 25. Let u(v) = -v - 1. Let j(z) = 2*z + 7. Let f(w) = -j(w) - 3*u(w). Let g(s) = -7*f(s) - 4*n(s). Give g(4).
-4
Let g(b) be the first derivative of b**4/4 - 11*b**3/3 - 5*